{"id":19,"date":"2015-11-28T09:39:42","date_gmt":"2015-11-28T08:39:42","guid":{"rendered":"http:\/\/giovannigarufibozza.it\/psicologosalute\/?page_id=19"},"modified":"2016-05-11T16:12:17","modified_gmt":"2016-05-11T14:12:17","slug":"psico-promozione-della-salute","status":"publish","type":"page","link":"https:\/\/giovannigarufibozza.it\/psicologosalute\/di-cosa-mi-occupo\/psico-promozione-della-salute\/","title":{"rendered":"Psico-promozione della salute"},"content":{"rendered":"<p><span style=\"color: #000000;\">Psicoterapia e Psicopromozione della salute non sono due processi separati. Li descrivo in due sezioni diverse per chiarezza espositiva.<\/span><\/p>\n<p><span style=\"color: #000000;\"><img decoding=\"async\" loading=\"lazy\" class=\" alignleft\" src=\"http:\/\/www.belligea.it\/wp-content\/uploads\/2013\/12\/Igea-Musei-Vaticani.jpg\" alt=\"\" width=\"285\" height=\"550\" \/>Voglio partire da un mito greco, secondo il quale <strong>Esculapio<\/strong>, dio della medicina, aveva diversi figli e\u00a0figlie, tra cui Panacea e Igea. <strong>Panacea<\/strong> era la\u00a0personificazione della <em>guarigione universale e onnipotente<\/em><i>.<\/i> <strong>Igea<\/strong> la\u00a0personificazione della salute, che, secondo la mitologia, insegnava ai Greci <em>come essere sani<\/em>. <\/span><\/p>\n<p><span style=\"color: #000000;\">La medicina moderna, nello sforzo certamente coronato da notevoli successi di sconfiggere la malattia, ha finito per oscurare (a vantaggio di Panacea) Igea.\u00a0L&#8217;impegno a rispettare Igea, per lo pi\u00f9, non \u00e8 andato oltre la &#8221;prevenzione&#8221; della malattia: raramente\u00a0si \u00e8 spinto fino a <strong>promuovere\u00a0<\/strong>\u00a0comportamenti che favoriscono la salute.<\/span><\/p>\n<p><span style=\"color: #000000;\">Il lavoro di uno psicologo della salute <strong>non si limita\u00a0a\u00a0prevenire o a curare<\/strong> la malattia, come un qualcosa di &#8221;altro da s\u00e9&#8221;, ma si impegna a promuovere un\u00a0processo di &#8221;sviluppo della salute&#8221;, o &#8221;benessere&#8221;.<\/span><\/p>\n<p><span style=\"color: #000000;\">L&#8217;OMS ha rivisto da qualche tempo la definizione di salute, <strong>non pi\u00f9 considerata come assenza di malattia<\/strong>, bens\u00ec, in termini positivi, come &#8221;<strong>stato di benessere fisico, psicologico e sociale<\/strong>&#8221;. In questo spostamento di baricentro sul versante della salute, viene coniato il termine di\u00a0<em>salutogenesi <\/em>(Antonovsky 1979) chiaramente oppositivo rispetto a quello di patogenesi. <\/span><\/p>\n<p><span style=\"color: #000000;\">Non si vedono unicamente i\u00a0meccanismi che conducono allo stato di malattia, ma anche i\u00a0fattori che orientano verso lo stato di salute. Questa impostazione comporta a vari livelli \u00a0una riorganizzazione delle priorit\u00e0, con uno spostamento di accento dalle fonti della morbilit\u00e0, verso un miglior sfruttamento delle sorgenti della salute.<\/span><\/p>\n<p><span style=\"color: #000000;\">Non si tratta dunque di\u00a0<em>rimuovere<\/em>\u00a0qualcosa, come si propone di fare la medicina, ma di <em>promuovere<\/em>\u00a0risorse e competenze <strong>gi\u00e0 presenti in te<\/strong>\u00a0che, rinforzate e ampliate, consentono di aumentare il livello di benessere e la qualit\u00e0 delle tue relazioni con gli altri. <\/span><\/p>\n<p><span style=\"color: #000000;\">Questa \u00e8 quella viene chiamata\u00a0<strong>psicopromozione<\/strong>.<\/span><\/p>\n<p><span style=\"color: #000000;\"><img decoding=\"async\" loading=\"lazy\" class=\" alignright\" src=\"https:\/\/encrypted-tbn0.gstatic.com\/images?q=tbn:ANd9GcQ3sWQZJfTq8t2LT1bjutU7rLbsLGnO1jR_I_wnF6zPjrHBWoGB\" alt=\"Risultati immagini per albero psicologia\" width=\"286\" height=\"262\" \/>I due termini e i due processi, vanno a fondersi in un unico lavoro. Ecco perch\u00e9, <strong><a href=\"http:\/\/giovannigarufibozza.it\/psicologosalute\/prenota-un-appuntamento\/\">contattandomi<\/a><\/strong>, non dovrai\u00a0scegliere tra psicoterapia e psicopromozione della salute, sono <strong>processi<\/strong> che vanno insieme. E&#8217; il valore aggiunto che uno psicologo della salute propone nel suo lavoro: la promozione delle risorse e del benessere, attraverso cui affrontare la patologia.<\/span><\/p>\n<p><span style=\"color: #000000;\">In ogni momento della tua vita, non c&#8217;\u00e8 unicamente la salute o la malattia. Ci sono sempre queste due entit\u00e0 coesistenti. Se vai a vedere, la vita stessa, anche quando tutto funziona perfettamente, \u00e8 <strong>una malattia terminale<\/strong>. E persino negli ultimi stadi di vita, o in presenza di gravi patologie, <strong>troviamo aree di risorse e di salute<\/strong>. Quindi, va bene prendersi cura di un problema (es. l&#8217;ansia), ma partiamo da tutti i tuoi talenti e le tue capacit\u00e0 e risorse, per migliorare il tuo benessere.\u00a0<\/span><\/p>\n<p><span style=\"color: #000000;\">Ti faccio un esempio banale: hai mai notato che quando salutiamo una persona per strada e le chiediamo come sta, nel caso ci risponda <em>&#8220;male!&#8221;<\/em> la riempiamo di domande, mentre se ci risponde <em>&#8220;bene<\/em>&#8221; non le chiediamo nulla? Come mai sta bene? Cosa la fa stare bene? Cosa<strong> ti<\/strong> fa stare bene, accanto a quello che ti fa stare male?<\/span><\/p>\n<p><span style=\"color: #000000;\">Altro esempio: Hai mai notato come per le malattie fisiche usiamo prevalentemente il <strong>verbo avere<\/strong> (ho un raffreddore, ho la febbre, persino ho un tumore) e per le patologie psichiche usiamo il <strong>verbo essere<\/strong> (sono ansioso, sono depresso\u2026)? Se <em>possediamo<\/em> qualcosa, la possiamo gestire, domani potremmo non averla pi\u00f9. Se\u00a0<em>siamo <\/em>qualcosa<em>, <\/em>difficilmente saremo altro<em>.<\/em>\u00a0Ci siamo inventati, come societ\u00e0, che un sintomo possa definirci totalmente. Non \u00e8 cos\u00ec.\u00a0<strong>Possediamo<\/strong> salute e possediamo malattia: le possiamo gestire entrambe, a vantaggio della salute.<\/span><\/p>\n<p><span style=\"color: #000000;\">Riferimenti per approfondire:<\/span><\/p>\n<p id=\"title\" class=\"a-size-large a-spacing-none\"><span id=\"productTitle\" class=\"a-size-large\" style=\"color: #000000;\">&#8211; Health, Stress and Coping (The Jossey-Bass Social and Behavioral Science Series) by A. Antonovsky, 1979.<\/span><\/p>\n<p class=\"a-size-large a-spacing-none\"><span style=\"color: #000000;\">&#8211; Psicologia della Salute, di Mario Bertini, 2012, Raffaello Cortina Editore.<\/span><\/p>\n","protected":false},"excerpt":{"rendered":"<p>Psicoterapia e Psicopromozione della salute non sono due processi separati. Li descrivo in due sezioni diverse per chiarezza espositiva. Voglio partire da un mito greco, secondo il quale Esculapio, dio della medicina, aveva diversi figli e\u00a0figlie, tra cui Panacea e Igea. Panacea era la\u00a0personificazione della guarigione universale e onnipotente. Igea la\u00a0personificazione della salute, che, secondo&#8230;<\/p>\n","protected":false},"author":1,"featured_media":0,"parent":13,"menu_order":4,"comment_status":"open","ping_status":"open","template":"","meta":{"_mi_skip_tracking":false},"_links":{"self":[{"href":"https:\/\/giovannigarufibozza.it\/psicologosalute\/wp-json\/wp\/v2\/pages\/19"}],"collection":[{"href":"https:\/\/giovannigarufibozza.it\/psicologosalute\/wp-json\/wp\/v2\/pages"}],"about":[{"href":"https:\/\/giovannigarufibozza.it\/psicologosalute\/wp-json\/wp\/v2\/types\/page"}],"author":[{"embeddable":true,"href":"https:\/\/giovannigarufibozza.it\/psicologosalute\/wp-json\/wp\/v2\/users\/1"}],"replies":[{"embeddable":true,"href":"https:\/\/giovannigarufibozza.it\/psicologosalute\/wp-json\/wp\/v2\/comments?post=19"}],"version-history":[{"count":4,"href":"https:\/\/giovannigarufibozza.it\/psicologosalute\/wp-json\/wp\/v2\/pages\/19\/revisions"}],"predecessor-version":[{"id":73,"href":"https:\/\/giovannigarufibozza.it\/psicologosalute\/wp-json\/wp\/v2\/pages\/19\/revisions\/73"}],"up":[{"embeddable":true,"href":"https:\/\/giovannigarufibozza.it\/psicologosalute\/wp-json\/wp\/v2\/pages\/13"}],"wp:attachment":[{"href":"https:\/\/giovannigarufibozza.it\/psicologosalute\/wp-json\/wp\/v2\/media?parent=19"}],"curies":[{"name":"wp","href":"https:\/\/api.w.org\/{rel}","templated":true}]}}